 + 4. Let u(j) = -j - 6. Let n be u(-9). Suppose 0*t - 2*t + 16 = 4*w, 2*w + n*t - 12 = 0. What is m(w)?
4
Let w(t) = -2 - 22*t + 4 - 3 + 26*t. Let r = 0 + -1. Give w(r).
-5
Let p(j) = j**2 - 3*j + 2. Let t be p(4). Let w(f) = 5*f + 0*f + 7 - 7*f. Calculate w(t).
-5
Let f(c) be the first derivative of -c**4/4 + c**3 + c**2/2 + 8. Let n(g) = 2*g**3 - 4*g**2 - 2*g. Let h(o) = -3*f(o) - 2*n(o). Determine h(0).
0
Let h = 12 - 15. Let r(p) = p**3 + 3*p**2 - p. What is r(h)?
3
Let y(g) = g - 9. Suppose -h - h + 12 = 0. Give y(h).
-3
Let l(j) be the third derivative of -7*j**4/24 - 10*j**2. Suppose 6 + 18 = 3*p. Suppose p*w - 3*w - 27 = 2*h, -4*w = 5*h - 15. Give l(h).
7
Let w(a) = 3*a + 6 - 3 - 4. Give w(-4).
-13
Let d(t) be the first derivative of -t**2/2 - 2*t + 1. Let n = 2 - 5. Calculate d(n).
1
Let f(o) = 3*o + 9. Let k be 34/(-7) - 1 - (-7)/(-49). Give f(k).
-9
Let s = 6 + -9. Let x(v) be the first derivative of -v**5/120 - v**4/24 - 2*v**3/3 - 7. Let p(d) be the third derivative of x(d). What is p(s)?
2
Let z be (-6)/(-21) - (-104)/28. Let b(m) = -14*m - 11*m + z + 23*m. Determine b(-4).
12
Let o(z) be the first derivative of 3*z**2/2 + 37. What is o(-2)?
-6
Let b = -9 - -2. Let u(z) = 7*z**3 + z - 10. Let f(t) = 8*t**3 + t**2 - 11. Let p(a) = b*u(a) + 6*f(a). Determine p(5).
-6
Let z(u) be the first derivative of u**2 + 2*u + 7. What is z(-3)?
-4
Suppose -5*d + 0*g = 3*g - 28, 0 = -3*g + 3. Let c(s) = 3 + s**2 + 0*s + d*s - 7. Determine c(-6).
2
Let w(p) = 2*p + 2. Let k = 2 - 1. Let l(q) = -q**2 + q. Let g(s) = s + 3. Let u be g(-2). Let x(z) = k*l(z) + u*w(z). Give x(5).
-8
Let a(p) = 4*p + 5*p - 3*p. Suppose x + 5*w + 21 = 0, 0*w = 5*x + 4*w + 21. Calculate a(x).
-6
Let p(a) = 3*a - 2*a**2 + a**2 + 0*a. Let v = -13 + 18. What is p(v)?
-10
Let s(x) = -3*x + 2*x - 4*x - 2. Let j = -6 + 7. Let o be (9/(-3))/(-1) - j. Give s(o).
-12
Let u(p) = -6 - p**2 - 3*p**2 - 5*p + 3*p**2. Determine u(-4).
-2
Let i(a) = a**3 - 4*a**2 + 3*a - 1. Let h = 6 - 3. Suppose 0 = -3*v + 3*n - n + 9, -6 = h*v + 3*n. Let p be (6 - v) + 4/(-2). Calculate i(p).
-1
Let w(m) be the first derivative of m**5/12 + m**3/6 + m**2/2 - 3. Let t(d) be the second derivative of w(d). Determine t(-1).
6
Let g(q) = q**2 + 2*q - 3. Let n(a) = a + 0*a + 1 + 8*a**2 - 3*a. Let d be n(1). Suppose -d*y = 3*i - 2*y + 12, i = 2*y - 4. Calculate g(i).
5
Let d(f) = f - 4 + 4 - 4. Let l = -57 + 82. Suppose -5*s - 5*v + l = 0, 5 = 4*s - 0*s + v. What is d(s)?
-4
Let u(n) = -n**2 - 3*n - 3. Let d = -25 - -21. What is u(d)?
-7
Let z(h) be the first derivative of -h**2/2 + 6. Let t(g) = g**3 + g - 3. Let q(p) = t(p) + 3*z(p). Give q(-2).
-7
Let i(a) = -a**2. Let m be i(-2). Let x(d) be the first derivative of -d**2 - 4*d - 1. Give x(m).
4
Let u = 27 - 24. Let n(x) = -x**3 + 2*x**2 + x. What is n(u)?
-6
Let p(c) = -c - 2. Let s(b) = -b - 10. Let t be s(-12). Suppose x - 2*l = l + 13, -4*l - 24 = t*x. Let a be (x/4)/(1/(-6)). Give p(a).
-5
Let x(j) = 3*j - 2. Suppose -12*h + h - 77 = 0. Calculate x(h).
-23
Let i = -17 - -13. Let z(o) = o**3 + 5*o**2 + 5*o - 3. Give z(i).
-7
Let r(l) = -5*l**2 + 4*l**2 + 6*l - 3*l. Let z be (3/2)/((-2)/(-4)). What is r(z)?
0
Suppose 0 = y + 2 - 0. Let z(w) be the first derivative of -w**5/120 - w**4/12 + 4*w**3/3 - 4. Let k(h) be the third derivative of z(h). Determine k(y).
0
Let d(s) = -s**2 + 6*s + 4. Let i be d(7). Let u(j) = j**3 + 2*j**2 - j + 1. Calculate u(i).
-5
Let s = 27 + -16. Let t(b) = 5*b + 16. Let l(f) = f + 3. Let o(q) = s*l(q) - 2*t(q). Let j be o(4). Let v(i) = i**3 - 6*i**2 + 5*i + 3. Calculate v(j).
3
Suppose 5*l = -0*l + 5. Let w(u) be the first derivative of 2*u**3/3 + u**2/2 + 3. What is w(l)?
3
Let t = 24 + -29. Let l(i) = i**3 + 5*i**2 + 3*i + 7. Give l(t).
-8
Let n be 5 + -1 - (2 - 1). Suppose 13 = -t + z + 2*z, -8 = -4*t - n*z. Let x(i) = 11*i - 6. Let c(s) = -s + 1. Let q(y) = 6*c(y) + x(y). What is q(t)?
-5
Let j(i) be the first derivative of 7 + 2*i - 1/2*i**2. Let n = -5 + 0. Determine j(n).
7
Let s(b) = 4*b + 7. Let w(q) = 4*q + 19. Let d be w(-6). Determine s(d).
-13
Let v(b) = -b. Let r = 3 + -8. Suppose -2*f + 1 = -1. Let h(n) = -4*n. Let c(u) = f*h(u) + r*v(u). What is c(2)?
2
Let s(m) = 2*m**3 - 5*m - 24. Let o(x) = x**3 - 3*x - 12. Let v(l) = 5*o(l) - 3*s(l). Determine v(0).
12
Let x(h) = 3*h**3 - 35*h**2 - 2*h - 32. Let p(a) = -a**3 + 12*a**2 + a + 11. Let c(l) = 17*p(l) + 6*x(l). Calculate c(5).
-5
Let i(f) = 6*f**3 + f - f**3 + 4*f**2 - 3 - 4*f**3. Determine i(-4).
-7
Let z(k) = 2*k - 27. Let v be z(14). Let y(b) = -9*b - 1. What is y(v)?
-10
Suppose 5*q = -2*h - 15, 3*q - q + 6 = 4*h. Let p(y) = -y + 2. Let l be p(q). Let t(u) = -2*u + 5 - 6 + 5. What is t(l)?
-6
Let n(w) be the third derivative of -w**6/120 + 7*w**5/60 - w**4/6 + w**3/2 + 10*w**2. Determine n(6).
15
Let v(a) be the second derivative of -a**3 + 7*a. Give v(1).
-6
Let w be (-1)/2 - 1/(-2). Let j = w - 2. Let h(p) = p**2 - 2*p - 2. Give h(j).
6
Suppose b + 3*b = 3*c - 15, -7 = b - 4*c. Let u = b - 2. Let z(l) = 0 + l - 3 + 4. What is z(u)?
-4
Let r(n) = -n**2 + 5*n. Suppose 3*g = -0*g + 12. Calculate r(g).
4
Let u(c) = -8*c + 10*c - 5 - 3*c. Let w be -1 + -1 + 2/(-2). Let z be -2 + (1 + -2 - w). Determine u(z).
-5
Let h(x) = -x**3 - 10*x**2 + 11*x + 13. Let f(s) = -2*s**3 - 21*s**2 + 23*s + 27. Let l(i) = -6*f(i) + 13*h(i). Let a = -16 + 11. Determine l(a).
7
Suppose q - 5*q = 2*j - 36, q = -4*j + 16. Let l = q - 5. Let i(c) = l - 4*c**2 + 2*c**2 - 3*c + c**2. What is i(2)?
-7
Let g = -4 - -7. Suppose 6 = -0*a - g*a. Let t(w) = 2*w**3 + 2*w**2 - w. Give t(a).
-6
Let k(u) = 8*u**2 + 2*u + 1 + 2*u - 2*u. Give k(-1).
7
Let l be 6*3/(27/12). Suppose 5*g - a + 5 = 0, -4*g - 1 = -3*a - l. Let c(v) = v**2 + 6*v + 3. Determine c(g).
-5
Suppose -2*i = -0 - 8. Let l(h) = -h**3 + 4*h**2 + 1. Calculate l(i).
1
Let j = -7 + 6. Let z(r) = 8*r. Calculate z(j).
-8
Let z(f) = -f**3 + 4*f**2 - 3*f + 4. Let t be z(3). Suppose 3*u + t = n, -2*n - 2*u = -4*n. Let x(r) = r + 2. Give x(n).
0
Let u(l) = 12*l**2 + 14*l - 3. Let n(m) = 4*m**2 + 5*m - 1. Let a(q) = -11*n(q) + 4*u(q). What is a(1)?
4
Let k(j) = j - 8. Let o be (-4)/26 - (-108)/26. Calculate k(o).
-4
Let v(n) = n**2 - n + 11. Let i be 3 - (1*-6)/(-2). What is v(i)?
11
Let a(v) = v + 3. Let h = -9 + -3. Let y be (h/(-10))/((-9)/(-30)). Give a(y).
7
Suppose -y - 1 - 3 = 0. Let o(d) = 3*d + 2. Let w(v) = 8*v + 6 + 1 - 2. Let z(m) = 11*o(m) - 4*w(m). Determine z(y).
-2
Let a(y) = -5*y**2. Let g(r) = r**2 + 4*r - 1. Let h be g(-5). Let m = -3 + h. Give a(m).
-5
Let v(x) be the third derivative of -6*x**2 + 0*x + 7/6*x**3 - 1/24*x**4 + 0. Let q be -2 + (2 - 0 - -6). Calculate v(q).
1
Suppose -3 + 7 = -4*i - 3*t, t + 12 = 4*i. Suppose -2*q - 3*o = 0, q + i*o = 6*q. Let u(w) = -2*w + 3*w + 1 - 2. Calculate u(q).
-1
Suppose -4*g = -l + 4, 8 = 3*g + 2*l - 0*l. Let c(a) = -a - 3. Let x be c(g). Let i(s) = -6*s - 1. Let n(z) = -7*z - 2. Let h(r) = x*i(r) + 2*n(r). Give h(2).
7
Let r(k) = -k**2 + 7*k - 4. Let c = 6 + 1. Let v = c - 2. Determine r(v).
6
Let s(f) = -f + 4. Let r be (-10)/(-15) - 48/(-9). Calculate s(r).
-2
Let y be (45/(-6))/(-3)*2. Suppose j - 6*j = -5*t + 5, 3*j + y*t - 21 = 0. Let q(u) = -j + 2*u + 0*u - u. What is q(-5)?
-7
Let q(h) = -h - 6. Suppose -2*s - s - 15 = 0. Calculate q(s).
-1
Let l(m) = m + 11. Let y(d) = d**3 + 1. Let u = -9 - -8. Let k be y(u). Suppose k*g = -g. What is l(g)?
11
Suppose m + 9 = 4*m. Suppose -12 = -m*j - 3. Let n(l) be the second derivative of l**3/2 - 3*l**2/2 - l. Calculate n(j).
6
Suppose 4*t - 17 = 7. Suppose 28 = -5*h + h. Let z = t + h. Let p(n) = n**3 + 2*n**2 - 1. Give p(z).
0
Let u(j) be the first derivative of -j**5/20 - j**4/24 + j**3/6 - 3*j**2/2 + 1. Let i(p) be the second derivative of u(p). Determine i(1).
-3
Let k(z) = z**2 + 3*z - 6. Let d be k(-5). Suppose 4*n = b + 6, -5*n + 2*b + d = -5. Let g(o) = 25*o**2 - 9*o**2 - 2*o**2 - 7*o**2 - o. What is g(n)?
6
Let b(u) be the third derivative of -17*u**4/24 + 12*u**2. Determine b(-1).
17
Suppose -c + g + 8 = 0, 5*c + 0*g - 28 = g. Let u(f) = -f**3 + 4*f**2 + 4*f. Let z be u(c). Let b(j) = 4 - j + 2*j + 2. Give b(z).
1
Let p be 1/(-3) - (-22)/(-6). Let m(c) = c - 1. Let g be m(3). Let l(y) = 1 - y**2 + 0 + g*y - 7*y. 